es 390 divide 294593130?
True
Is 372297834 a multiple of 309?
False
Does 4 divide 264900431?
False
Does 46 divide 4049695?
False
Is 1511128997 a multiple of 146?
False
Does 782 divide 186564182?
False
Is 2103 a factor of 14042863?
False
Is 9 a factor of 3791169?
True
Is 94 a factor of 48002040?
True
Is 102 a factor of 14117718?
True
Does 25 divide 5520416?
False
Is 78305600 a multiple of 545?
True
Does 42 divide 15502956?
True
Is 2714191328 a multiple of 32?
True
Does 6179 divide 417793085?
True
Does 252 divide 387828?
True
Does 11 divide 25591357?
True
Does 2201 divide 25852787?
False
Is 16427552 a multiple of 76?
True
Does 31 divide 773444575?
True
Is 1105 a factor of 153818540?
False
Does 2016 divide 622079136?
True
Is 256393152 a multiple of 151?
False
Is 5715 a factor of 162814635?
True
Is 215078 a multiple of 81?
False
Is 110 a factor of 42667511?
False
Is 4 a factor of 293177942?
False
Does 154 divide 1043017212?
False
Does 15 divide 2764101234?
False
Does 2 divide 1739637?
False
Is 9570638 a multiple of 22?
True
Is 21355657 a multiple of 51?
False
Is 2647906391 a multiple of 13?
True
Does 18 divide 31672267?
False
Is 211 a factor of 3493230123?
True
Is 54 a factor of 329454587?
False
Does 299 divide 429983471?
False
Is 169410596 a multiple of 173?
True
Is 45 a factor of 108350316?
False
Is 2910844 a multiple of 117?
False
Does 2247 divide 606840549?
True
Does 164 divide 25450554?
False
Is 71862632 a multiple of 5?
False
Is 676333756 a multiple of 43?
True
Is 16 a factor of 37951776?
True
Is 7950896 a multiple of 16?
True
Is 10286361 a multiple of 3?
True
Is 3 a factor of 86655116?
False
Does 109 divide 85994787?
True
Is 1721292846 a multiple of 19?
False
Is 19 a factor of 33602792?
True
Does 1967 divide 384297536?
False
Does 5 divide 28770245?
True
Does 15 divide 442629177?
False
Is 73206456 a multiple of 158?
True
Does 13 divide 735216209?
True
Is 589 a factor of 41496038?
False
Does 375 divide 11078250?
True
Is 134 a factor of 7828721?
False
Does 20 divide 8499900?
True
Does 3335 divide 2076314391?
False
Is 5 a factor of 486202206?
False
Is 473984038 a multiple of 298?
False
Is 98322852 a multiple of 533?
False
Is 58 a factor of 218217286?
True
Does 24 divide 51955440?
True
Is 23 a factor of 3269839920?
False
Is 12 a factor of 78425633?
False
Is 34 a factor of 2182567198?
False
Is 54057088 a multiple of 8?
True
Is 30 a factor of 59146920?
True
Is 461246053 a multiple of 1638?
False
Does 5 divide 1410843?
False
Is 30 a factor of 37662232?
False
Is 272904629 a multiple of 112?
False
Is 8 a factor of 604805638?
False
Is 14 a factor of 271960285?
False
Is 118 a factor of 187106582?
True
Is 303156036 a multiple of 17?
True
Is 721453346 a multiple of 3265?
False
Is 40 a factor of 4370283680?
True
Is 189 a factor of 988269076?
False
Is 369196208 a multiple of 302?
True
Is 14489164 a multiple of 39?
False
Is 420 a factor of 18873540?
True
Does 12 divide 16087380?
True
Does 6 divide 12721978?
False
Does 668 divide 338455549?
False
Does 743 divide 14956590?
True
Does 37 divide 69335706?
True
Is 25843846 a multiple of 17?
False
Is 1582 a factor of 3680245705?
False
Is 1055 a factor of 363925324?
False
Is 647643600 a multiple of 1944?
True
Does 27 divide 121224276?
True
Does 6 divide 798380116?
False
Does 126 divide 163205784?
True
Does 54 divide 777402198?
True
Is 3642445944 a multiple of 91?
False
Is 12783175 a multiple of 25?
True
Is 150633164 a multiple of 22?
True
Is 910559550 a multiple of 75?
True
Is 7692784 a multiple of 163?
False
Does 23 divide 632145892?
True
Is 2537 a factor of 36291785?
True
Is 682 a factor of 167541484?
True
Does 2 divide 6449292?
True
Is 2455718019 a multiple of 911?
True
Does 21 divide 875458773?
True
Is 158082698 a multiple of 43?
False
Is 11 a factor of 4765762?
False
Is 100004036 a multiple of 11?
True
Is 346967804 a multiple of 1935?
False
Does 95 divide 5055330?
True
Does 145 divide 1479431445?
False
Does 557 divide 511881886?
True
Does 79 divide 1328283119?
False
Does 24 divide 620015256?
True
Is 14 a factor of 207650212?
True
Is 679740232 a multiple of 4348?
True
Is 906836844 a multiple of 1734?
False
Is 473 a factor of 263028116?
False
Is 248 a factor of 11680167?
False
Is 607470552 a multiple of 104?
True
Is 216 a factor of 492565628?
False
Does 20 divide 155977880?
True
Is 791 a factor of 2106259771?
True
Does 102 divide 44480453?
False
Is 1250405687 a multiple of 786?
False
Is 14 a factor of 39374582?
False
Does 5 divide 766264760?
True
Does 14 divide 35403228?
True
Is 3253635 a multiple of 7?
True
Does 470 divide 39413352?
False
Is 24 a factor of 135347912?
False
Does 258 divide 554164472?
False
Does 12 divide 204933759?
False
Is 93 a factor of 79127841?
True
Is 25 a factor of 167710266?
False
Is 1368343089 a multiple of 204?
False
Is 25 a factor of 396230375?
True
Is 96476694 a multiple of 111?
False
Is 300977623 a multiple of 28?
False
Is 1211464781 a multiple of 230?
False
Is 136404402 a multiple of 62?
True
Is 436 a factor of 36908708?
True
Is 11812216 a multiple of 212?
True
Is 31639895 a multiple of 20?
False
Is 560 a factor of 468638800?
True
Does 265 divide 10290774?
False
Is 839 a factor of 145212442?
True
Does 21 divide 1016847750?
False
Is 19 a factor of 416052158?
True
Is 188825148 a multiple of 1873?
False
Is 1567 a factor of 31228743?
True
Does 1726 divide 274110719?
False
Is 1240 a factor of 388758763?
False
Does 276 divide 10341637?
False
Does 8 divide 41432352?
True
Is 26794617 a multiple of 1418?
False
Is 120634657 a multiple of 121?
False
Is 226084922 a multiple of 14?
True
Is 21 a factor of 13634356?
False
Is 162981556 a multiple of 1999?
False
Is 73 a factor of 36996302?
False
Is 35 a factor of 107912245?
True
Is 107165876 a multiple of 11?
False
Is 2199 a factor of 414976975?
False
Does 64 divide 19287788?
False
Is 27846033 a multiple of 840?
False
Is 29623717 a multiple of 37?
True
Is 1404527040 a multiple of 2835?
True
Does 67 divide 401994707?
True
Is 203685 a multiple of 3?
True
Does 19 divide 46808001?
True
Is 451 a factor of 47608011?
True
Is 2754714264 a multiple of 1769?
False
Does 38 divide 446365594?
True
Does 15 divide 82975230?
True
Is 302983616 a multiple of 6?
False
Does 17 divide 24826901?
False
Does 83 divide 306041079?
False
Is 26 a factor of 393086920?
False
Does 30 divide 20016570?
True
Is 7008113 a multiple of 53?
False
Is 1448 a factor of 382174421?
False
Is 243304111 a multiple of 700?
False
Does 874 divide 496138325?
False
Is 126718340 a multiple of 2590?
True
Is 225 a factor of 525808125?
True
Is 2388111810 a multiple of 14?
True
Is 6 a factor of 2627357604?
True
Is 26348064 a multiple of 736?
True
Is 22179465 a multiple of 14?
False
Is 16 a factor of 84300169?
False
Is 225 a factor of 1503310275?
True
Does 530 divide 268773070?
True
Is 15 a factor of 247259430?
True
Does 2930 divide 2270161070?
True
Does 18 divide 404996382?
True
Does 372 divide 1448983940?
False
Is 151 a factor of 436452816?
True
Is 8811 a factor of 5216244165?
True
Is 94477124 a multiple of 760?
False
Does 40 divide 68276960?
True
Does 69 divide 216126199?
False
Is 2095 a factor of 662191548?
False
Is 1512 a factor of 317574373?
False
Is 602110786 a multiple of 292?
False
Does 200 divide 240807000?
True
Does 200 divide 7068972?
False
Is 1001900509 a multiple of 1228?
False
Is 423 a factor of 243015192?
True
Is 11 a factor of 118617312?
True
Does 503 divide 5112632335?
False
Is 1267873814 a multiple of 169?
False
Is 13 a factor of 13215012?
False
Does 48 divide 42308392?
False
Is 219 a factor of 1187951922?
True
Is 8 a factor of 3363181?
False
Does 8290 divide 1979108657?
False
Is 5100076 a multiple of 19?
False
Does 266 divide 395635307?
False
Does 689 divide 99844601?
False
Is 591494064 a multiple of 112?
True
Is 641 a factor of 66908498?
False
Is 24030510 a multiple of 42?
True
Is 84816732 a multiple of 21?
True
Does 8 divide 5477080?
True
Does 168 divide 41007540?
False
Is 38554165 a multiple of 2102?
False
Is 2 a factor of 2395896?
True
Is 218 a factor of 31393962?
True
Is 34044197 a multiple of 11?
True
Is 117 a factor of 50817312?
True
Does 2125 divide 80041532?
False
Is 83 a factor of 373961122?
False
Is 5347589 a multiple of 127?
True
Is 72110311 a multiple of 49?
True
Is 5